 remainder when 341781 is divided by 537.
249
Calculate the remainder when 19624251 is divided by 4244.
4239
What is the remainder when 132763008 is divided by 169?
157
What is the remainder when 105676 is divided by 4?
0
What is the remainder when 136503 is divided by 17010?
423
What is the remainder when 3337717 is divided by 1112541?
94
What is the remainder when 1080390 is divided by 54019?
10
Calculate the remainder when 940298 is divided by 10.
8
Calculate the remainder when 12703733 is divided by 6351850.
33
Calculate the remainder when 228996 is divided by 622.
100
Calculate the remainder when 110653 is divided by 184.
69
Calculate the remainder when 583704 is divided by 1061.
154
Calculate the remainder when 213065 is divided by 18953.
4582
Calculate the remainder when 144314 is divided by 1387.
66
What is the remainder when 18508701 is divided by 266?
155
Calculate the remainder when 27919516 is divided by 331.
328
What is the remainder when 93164 is divided by 23273?
72
What is the remainder when 65499 is divided by 2173?
309
Calculate the remainder when 7006423 is divided by 437901.
7
Calculate the remainder when 9690 is divided by 3035.
585
What is the remainder when 361011 is divided by 46?
3
What is the remainder when 1443028 is divided by 1894?
1694
What is the remainder when 43693332 is divided by 123777?
51
What is the remainder when 955415 is divided by 3932?
3871
Calculate the remainder when 330506 is divided by 65954.
736
Calculate the remainder when 250611 is divided by 5448.
3
What is the remainder when 11180671 is divided by 36?
7
What is the remainder when 20888 is divided by 9671?
1546
What is the remainder when 33330768 is divided by 11?
9
Calculate the remainder when 2248721 is divided by 6633.
134
Calculate the remainder when 52560 is divided by 1065.
375
Calculate the remainder when 290898070 is divided by 57.
52
What is the remainder when 211798409 is divided by 1202?
1201
Calculate the remainder when 1276333 is divided by 70906.
25
What is the remainder when 334778 is divided by 130?
28
What is the remainder when 129101 is divided by 8064?
77
Calculate the remainder when 31757 is divided by 2078.
587
What is the remainder when 7435518 is divided by 160?
158
What is the remainder when 48181328 is divided by 264?
8
What is the remainder when 51055091 is divided by 142?
127
What is the remainder when 79335590 is divided by 50054?
0
Calculate the remainder when 370460276 is divided by 15.
11
What is the remainder when 329986 is divided by 3027?
43
Calculate the remainder when 90485303 is divided by 2381192.
7
What is the remainder when 2719374 is divided by 118233?
15
What is the remainder when 3697022 is divided by 68461?
128
Calculate the remainder when 182011 is divided by 86203.
9605
Calculate the remainder when 8886266 is divided by 460.
446
Calculate the remainder when 10712129 is divided by 41.
18
Calculate the remainder when 65394988 is divided by 11.
10
Calculate the remainder when 183388 is divided by 45388.
1836
What is the remainder when 1102731 is divided by 22?
3
Calculate the remainder when 2172980 is divided by 2696.
4
What is the remainder when 344022 is divided by 343919?
103
What is the remainder when 629759 is divided by 209861?
176
Calculate the remainder when 34806405 is divided by 11602132.
9
What is the remainder when 8878024 is divided by 369915?
64
Calculate the remainder when 2184955 is divided by 219.
211
Calculate the remainder when 726616855 is divided by 212.
211
Calculate the remainder when 3064277 is divided by 23.
10
Calculate the remainder when 519237 is divided by 18470.
2077
What is the remainder when 97653541 is divided by 34?
33
Calculate the remainder when 3804315 is divided by 5.
0
Calculate the remainder when 264245 is divided by 5768.
4685
What is the remainder when 958780 is divided by 679?
32
Calculate the remainder when 1346012 is divided by 13591.
503
Calculate the remainder when 35061 is divided by 615.
6
What is the remainder when 4394352 is divided by 7009?
6718
Calculate the remainder when 83600 is divided by 11863.
559
What is the remainder when 984167 is divided by 51?
20
Calculate the remainder when 22657 is divided by 2928.
2161
What is the remainder when 6433463 is divided by 367?
320
Calculate the remainder when 9108424 is divided by 617.
270
Calculate the remainder when 25300526 is divided by 51.
38
Calculate the remainder when 3400593 is divided by 148.
145
Calculate the remainder when 6009217 is divided by 6009206.
11
What is the remainder when 15277003 is divided by 162521?
29
Calculate the remainder when 58956 is divided by 454.
390
What is the remainder when 1628475 is divided by 81423?
15
What is the remainder when 19360371 is divided by 516?
51
What is the remainder when 36888603 is divided by 752?
747
What is the remainder when 142230572 is divided by 239?
238
Calculate the remainder when 135419469 is divided by 24.
21
Calculate the remainder when 114058 is divided by 2113.
2069
Calculate the remainder when 14628593 is divided by 268.
81
Calculate the remainder when 11770960 is divided by 692409.
7
Calculate the remainder when 14023986 is divided by 120.
66
What is the remainder when 78917384 is divided by 31304?
0
Calculate the remainder when 169084 is divided by 502.
412
What is the remainder when 299366 is divided by 49862?
194
What is the remainder when 8267267 is divided by 4023?
2
What is the remainder when 2107182 is divided by 2943?
2937
Calculate the remainder when 15555526 is divided by 747.
745
Calculate the remainder when 198691 is divided by 492.
415
What is the remainder when 17487283 is divided by 24?
19
What is the remainder when 18056230 is divided by 24974?
28
What is the remainder when 3138645 is divided by 80478?
3
What is the remainder when 278155 is divided by 2726?
103
What is the remainder when 48465 is divided by 22947?
2571
Calculate the remainder when 1075865 is divided by 82755.
50
Calculate the remainder when 166095 is divided by 164424.
1671
Calculate the remainder when 127025 is divided by 441.
17
What is the remainder when 6468 is divided by 1151?
713
Calculate the remainder when 7688810 is divided by 106.
100
Calculate the remainder when 2340188 is divided by 369.
359
Calculate the remainder when 73451 is divided by 24101.
1148
Calculate the remainder when 258898 is divided by 9950.
198
Calculate the remainder when 2372535 is divided by 568.
567
Calculate the remainder when 779483 is divided by 19.
8
Calculate the remainder when 1092818 is divided by 3.
2
Calculate the remainder when 510401 is divided by 1006.
359
What is the remainder when 13058386 is divided by 1768?
1706
Calculate the remainder when 51602 is divided by 10194.
632
Calculate the remainder when 75993 is divided by 1412.
1157
What is the remainder when 5499 is divided by 1641?
576
What is the remainder when 25169156 is divided by 15?
11
Calculate the remainder when 331938015 is divided by 62.
59
Calculate the remainder when 26826632 is divided by 1999.
52
What is the remainder when 1380253 is divided by 1380231?
22
Calculate the remainder when 38006383 is divided by 4247.
4227
What is the remainder when 830337 is divided by 67?
6
Calculate the remainder when 313867 is divided by 15689.
87
Calculate the remainder when 84464 is divided by 41322.
1820
Calculate the remainder when 1903682 is divided by 720.
2
Calculate the remainder when 255341 is divided by 255317.
24
Calculate the remainder when 76149 is divided by 146.
83
What is the remainder when 9126 is divided by 3761?
1604
Calculate the remainder when 4149305 is divided by 5474.
13
Calculate the remainder when 246023183 is divided by 12.
11
What is the remainder when 44255741 is divided by 18?
5
Calculate the remainder when 831861 is divided by 4512.
1653
What is the remainder when 12789368 is divided by 6749?
13
What is the remainder when 3931675 is divided by 2644?
47
Calculate the remainder when 2831970 is divided by 7.
1
What is the remainder when 7054589 is divided by 125967?
437
What is the remainder when 521104746 is divided by 18?
12
What is the remainder when 1455921 is divided by 485257?
150
Calculate the remainder when 1230664 is divided by 5886.
490
What is the remainder when 166265